12*k - 25. Let g be v(3). Suppose 4*a + 9 = 29. Calculate the greatest common divisor of a and g.
5
Let h be 55/9 - (-18)/(-162). Let j(d) = 2 + 1 + 2 - 2 + d. Let f be j(3). Calculate the greatest common factor of h and f.
6
Let d be (12 - -78)/(-3 - 23/(-6)). What is the greatest common factor of d and 2106?
54
Let r(t) = 12*t**2 - 214*t - 1535. Let l be r(-7). Calculate the greatest common divisor of l and 114.
19
Let d = 13668 + -7978. Calculate the greatest common factor of 10 and d.
10
Suppose 10*f - 2 = 9*f. Let b be ((-2)/4)/(8/(-64)). Suppose 2*g - 5*i - 51 = 0, -b*i + 15 = g - 3*i. What is the greatest common divisor of g and f?
2
Let a(d) = d**3 + 13*d**2 + 19*d + 107. Let v be a(-8). Calculate the greatest common factor of 15 and v.
5
Let d(o) = 97*o**3 - 2*o**2 + 1. Let z be d(1). Let b = z - 5. Calculate the greatest common divisor of 26 and b.
13
Let h(u) = -u + 31. Let i be 20 - -2*3/(-6). Let a be h(i). Let w be -2*1*(-4 + 0). What is the greatest common divisor of a and w?
4
Suppose -19 = 3*o - 2*o - 5*l, o + 5*l - 21 = 0. Suppose 3*m + 2*y = -10 + 125, -3*m = 4*y - 101. Calculate the highest common factor of o and m.
1
Let q = 6546 + -6489. Calculate the greatest common divisor of 2128 and q.
19
Let q be (-3 + 1 - (-4288)/(-3))/((-23)/69). Calculate the greatest common divisor of 1356 and q.
226
Let v(h) = -h**3 + 14*h**2 + 169*h - 2044. Let i be v(11). What is the highest common divisor of 15842 and i?
178
Let i be ((-76)/(-18))/(162/729). What is the greatest common factor of i and 2641?
19
Let l(f) = 16*f**2 + 3*f. Suppose 62*p = 65*p - 9. Let t be l(p). Let b(h) = h**2 - 9*h + 7. Let y be b(10). Calculate the highest common divisor of y and t.
17
Let h(c) = -c**2 + 20*c - 34. Let j be h(18). Suppose 0 = 4*n + 12, -3*n = j*p - 0*p - 7. What is the greatest common divisor of p and 6?
2
Let j(x) = -4*x - 7. Let k be j(-8). Suppose -29*b + 1580 = -k*b. What is the highest common divisor of 158 and b?
79
Suppose -3*i - 5*d = i - 116, i = -4*d + 18. Let a = i - 34. Suppose a = m + 5 - 13. Calculate the highest common factor of 72 and m.
8
Suppose 79*w - 92430 = w. Calculate the highest common divisor of 60 and w.
15
Suppose 0 = -5*y - 5*o + 20, 0 = 3*y - 4*y + 3*o. Let w be (-30)/(-90) - 226/(-6). Suppose -y*x - w = -125. Calculate the highest common divisor of x and 232.
29
Let o = -1966 - -1998. What is the highest common factor of o and 82?
2
Let g be ((-3)/(-9))/((-3)/(-99)). Suppose -12*b = -g*b - 4. Suppose -b*c + 2 = -98. Calculate the highest common factor of 5 and c.
5
Let z(u) = 17*u**2 + 9*u + 71. Let i = 47 + -53. Let t be z(i). What is the greatest common divisor of t and 17?
17
Suppose -19 = -4*r + b + 48, 0 = -5*r - 4*b + 110. Suppose 475*f - 32 = 11834 - 1891. Calculate the greatest common divisor of f and r.
3
Let s be 2/(708/(-357) - -2). Let u = 24 - -7. Let x(f) = -f + 48. Let d be x(u). What is the highest common factor of s and d?
17
Suppose 2*h - 26*y + 21*y + 127 = 0, 5*h + 2*y + 303 = 0. Let v be h/(-5) - 3/15 - -2. Calculate the greatest common factor of 7 and v.
7
Suppose 1253*a - 1252*a - 10 = u, -3*a + 72 = 3*u. Calculate the highest common divisor of a and 5219.
17
Let r = 12743 + -12616. Calculate the highest common divisor of 18923 and r.
127
Suppose 3*p + 16 = 2*y, -4*p = -y - 2*p + 8. Suppose 39*k - 8 = 35*k. Suppose 2*l = 4*l - k. Calculate the greatest common factor of y and l.
1
Let w be 3972/(-15)*-3 - (210/25 + -9). Calculate the greatest common divisor of 45 and w.
15
Suppose 169*a - 7208 = -786. Calculate the highest common divisor of a and 144.
2
Let l = 296 - 107. Suppose -2*i + 4*q + 74 = 0, 0 = 5*i + 2*q + 3*q - 110. What is the greatest common factor of l and i?
27
Let s = 1878 - 1734. Calculate the highest common factor of 1536 and s.
48
Let c(x) = -x + 6. Let k be c(5). Let q be (-19)/(-2) - k/(-2). Let b be (-9786066)/(-44477) - 8/316. What is the highest common factor of q and b?
10
Let z(u) = -2*u**2 - 199*u - 2223. Let g be z(-86). Let j be 2/7 + (-17315)/(-35). Calculate the greatest common divisor of j and g.
99
Let l = -28 - -42. Let r be 189/l + (-4)/(-8). What is the greatest common factor of r and 112?
14
Suppose 106*h + 8800 = 156*h. What is the highest common factor of h and 2948?
44
Suppose -21 = 20*o - 23*o. Let q(i) = 2*i**2 - 13*i - 7. Let u be q(o). Suppose u = 6*z - 3*z - 93. Calculate the highest common factor of z and 31.
31
Let j be 0 - (0 - (-16)/(-1)). Suppose 413 - 23 = 10*x. Suppose 5*d - x = -4*l, -5*d + 41 = l - 10*d. What is the highest common factor of l and j?
16
Let n = 1789 + -1211. Let p = n - 410. Suppose -4*b + 59 = 3*r, -2*r + 82 = 2*r + 2*b. Calculate the greatest common factor of r and p.
21
Let z be (0 - 0)/(-4 + 2). Let s(b) = -b**3 + b**2 + 18. Let o be s(z). Let p(r) = 11*r + 7. Let x be p(1). Calculate the greatest common factor of x and o.
18
Let j be ((-41300)/42)/(2*6/(-18)). Calculate the greatest common divisor of 200 and j.
25
Let b be (0 - -3)*46/6. Suppose 21*z - 27*z = 3876. Let q = z + 899. Calculate the greatest common factor of b and q.
23
Let q(b) = b + 6. Let p be q(-2). Let s be (-10)/p*(-72)/45 + 1. Suppose 2*g - 8 = 0, -3*g + 18 = r - s*g. Calculate the highest common factor of 52 and r.
26
Suppose -13 = -3*t - g, -t = 4*g - 2*g - 1. Suppose -t*l = 3*s - 95, -5*l + 8*l - 123 = -4*s. Calculate the highest common factor of s and 10.
10
Let d = -50 - -80. Let w(c) = 3699 - 6*c + 3*c - 3731. Let v be w(-14). Calculate the highest common factor of v and d.
10
Let c(l) = 36*l**2 + l. Let z be c(1). Let r = -13 + z. Suppose 0 = -w - 4*a + 68, 4*w = 72*a - 68*a + 232. What is the greatest common divisor of w and r?
12
Let x = -743 + 1503. Suppose -5*y + 5*p = -x, -p = 11*y - 8*y - 464. What is the greatest common factor of y and 33?
11
Suppose -7099*l = -7132*l + 23232. Calculate the highest common divisor of 319 and l.
11
Let x(v) = v**2 + 9*v - 9. Let i be x(-11). Let m = 328 - 237. Calculate the greatest common divisor of i and m.
13
Suppose 0 = 52*s + 71*s - 48339. What is the greatest common divisor of s and 2882?
131
Let p be (2 - -1)/((-30)/(-350)). What is the greatest common divisor of p and 56?
7
Let c = -20 - -25. Suppose 0 = -c*n + 3*p + 301 + 25, 2*p = -3*n + 207. Suppose 64*i = n*i - 3. What is the greatest common divisor of i and 6?
1
Suppose 5*c + o - 77 = 0, -c - 4*o + 168 = 145. What is the greatest common divisor of c and 16785?
15
Let o(d) = 10*d - 18*d - 1132 - 18*d + 1146. Let w be o(-7). Let q = -60 + w. What is the greatest common divisor of q and 17?
17
Suppose 2*s + 3*k - 61 = 0, -5*s + 2 = 5*k - 158. Suppose 0 = 2*z - s - 65. Calculate the highest common divisor of 2 and z.
2
Let j(b) = 53*b. Let k(p) = -2*p. Let m(a) = -j(a) - 3*k(a). Let z be m(-1). Calculate the highest common divisor of 235 and z.
47
Let j be (-55*45/(-75))/((-1)/(-6)). What is the highest common factor of 2662 and j?
22
Suppose 0 = 139*v - 153*v. Let a(l) = -3*l**2 - 8*l + 7. Let r be a(v). What is the highest common factor of r and 511?
7
Let t(r) = 37*r - 15. Let v be t(3). Let l be (12 - -84)/((-2)/(-5)). What is the highest common divisor of v and l?
48
Let r = -119 - -121. Let z be (0 + r)*(-1065)/(-10). Suppose -4*s - 45 = -z. Calculate the highest common divisor of 28 and s.
14
Let c be -9*(-2)/(-12)*(5 - 7). Suppose 0 = c*x - 83 - 127. Calculate the greatest common factor of 56 and x.
14
Let s = -103 + 124. Suppose -45*q + 48*q = s. What is the greatest common divisor of q and 1?
1
Let b(g) = -7*g**3 - 3*g**2 - g - 2. Let j be b(-2). Let v(a) = a**3 + 2*a**2 - 13*a + 10. Let n be v(6). What is the highest common divisor of n and j?
44
Let t = -6126 - -6213. Calculate the highest common factor of 12 and t.
3
Let k(t) = -5*t - 26. Let i be k(-6). Suppose 2*d - 4*d = x - 123, 0 = -i*x - 20. Calculate the highest common factor of d and 80.
16
Suppose 53 + 87 = 7*t. Suppose 19*c - t = 14*c. Suppose d = -4*w + c, -2*w = 2*d - 14 - 0. What is the greatest common factor of 16 and d?
8
Let x(v) = 4*v - 1. Let h(s) = -s**2 - 18*s - 57. Let a(o) = -h(o) + 6*x(o). Let y be a(-42). What is the greatest common divisor of 187 and y?
17
Let k be -14*(-200)/(-48)*(-6 + -3). Let p = k + -371. Calculate the highest common divisor of 42 